ghest common divisor of 157955 and 455?
35
What is the highest common factor of 453096 and 62?
62
Calculate the highest common factor of 354 and 162.
6
What is the highest common factor of 2538 and 20979?
27
Calculate the highest common divisor of 366823 and 496.
31
What is the greatest common divisor of 32196 and 6?
6
What is the highest common factor of 240 and 3280?
80
Calculate the greatest common divisor of 212 and 477.
53
Calculate the greatest common factor of 258 and 714.
6
Calculate the greatest common divisor of 444 and 204.
12
Calculate the greatest common divisor of 3390 and 7890.
30
Calculate the highest common factor of 10566 and 171.
9
Calculate the highest common factor of 564288 and 384.
192
What is the highest common factor of 713 and 12804767?
713
What is the greatest common divisor of 1571875 and 100?
25
Calculate the greatest common divisor of 14 and 13909.
7
What is the greatest common divisor of 5204 and 164?
4
Calculate the highest common factor of 253092 and 1104.
276
Calculate the greatest common divisor of 12 and 15720.
12
What is the greatest common factor of 3094 and 650?
26
Calculate the greatest common factor of 1176 and 19.
1
Calculate the highest common factor of 28712 and 97.
97
Calculate the greatest common factor of 110103 and 40131.
1029
Calculate the greatest common factor of 162 and 178929.
81
Calculate the highest common divisor of 5621220 and 612.
612
Calculate the greatest common divisor of 5024 and 132508.
628
Calculate the greatest common factor of 15666 and 1575.
21
Calculate the highest common factor of 648522 and 1512.
126
What is the greatest common divisor of 10442578 and 1994?
1994
What is the highest common divisor of 97731 and 3114?
9
What is the highest common divisor of 3 and 6581067?
3
What is the greatest common divisor of 856352 and 56?
56
Calculate the greatest common divisor of 3300 and 9372.
132
Calculate the highest common factor of 1 and 183497.
1
Calculate the greatest common factor of 15072 and 5268.
12
What is the greatest common divisor of 142 and 228?
2
Calculate the highest common divisor of 19781 and 1963.
151
Calculate the highest common factor of 94 and 2776948.
94
Calculate the greatest common divisor of 66858 and 726.
66
What is the highest common factor of 19130 and 490?
10
What is the highest common divisor of 2037 and 4011?
21
What is the highest common factor of 74694 and 143016?
354
Calculate the greatest common divisor of 173791 and 85.
17
Calculate the highest common divisor of 243060 and 60.
60
Calculate the greatest common divisor of 1023 and 132649.
341
Calculate the highest common factor of 12685162 and 476.
238
What is the highest common divisor of 14 and 873061?
7
Calculate the greatest common factor of 6453 and 239.
239
Calculate the highest common divisor of 8918 and 390.
26
What is the greatest common divisor of 64 and 55052?
4
Calculate the highest common factor of 73308 and 123.
123
What is the greatest common divisor of 122 and 45811?
61
Calculate the highest common divisor of 7655888 and 16.
16
What is the highest common divisor of 2508891 and 11?
11
What is the greatest common factor of 5925 and 7800?
75
What is the highest common factor of 25452 and 322?
14
Calculate the highest common divisor of 1 and 20798.
1
What is the greatest common factor of 21208 and 352?
88
What is the greatest common factor of 56100 and 7310?
170
Calculate the greatest common divisor of 17281 and 11.
11
What is the highest common factor of 252 and 1386?
126
What is the highest common divisor of 6328 and 2712?
904
Calculate the greatest common factor of 46 and 197363.
23
What is the greatest common factor of 4628 and 19936?
356
What is the greatest common divisor of 29574 and 1431?
477
Calculate the highest common divisor of 124780 and 340.
340
What is the greatest common divisor of 31677 and 25?
1
What is the greatest common factor of 22692 and 1098?
366
What is the highest common divisor of 7587 and 54?
27
Calculate the highest common divisor of 10740 and 1140.
60
What is the highest common factor of 3370 and 7408945?
1685
Calculate the highest common divisor of 3816 and 15476.
212
Calculate the highest common divisor of 802212 and 12.
12
Calculate the greatest common factor of 56 and 189.
7
What is the highest common factor of 268 and 61573?
67
Calculate the highest common factor of 3810 and 60.
30
Calculate the greatest common divisor of 1313100 and 225.
225
What is the highest common factor of 18 and 110?
2
What is the highest common divisor of 14 and 24899?
7
What is the highest common divisor of 150 and 11739450?
150
Calculate the greatest common factor of 847 and 77693.
77
What is the greatest common divisor of 7 and 69349?
7
What is the greatest common divisor of 96 and 1477712?
16
What is the greatest common factor of 92 and 13892?
92
Calculate the highest common factor of 27081 and 459.
459
What is the highest common divisor of 267 and 1562128?
89
Calculate the highest common factor of 187640 and 880.
40
Calculate the highest common divisor of 6071 and 117684.
467
Calculate the highest common factor of 1701 and 248472.
63
What is the highest common factor of 20 and 1756?
4
Calculate the greatest common divisor of 3649 and 492.
41
What is the greatest common factor of 2369 and 736?
23
What is the greatest common divisor of 340434 and 18?
18
What is the highest common factor of 28 and 302246?
14
What is the greatest common divisor of 671840 and 780?
260
Calculate the greatest common factor of 71582 and 77.
7
What is the highest common divisor of 3780 and 32580?
180
Calculate the greatest common divisor of 825555 and 705.
705
Calculate the highest common factor of 33 and 8993556.
33
Calculate the highest common divisor of 3078173 and 595.
119
Calculate the highest common factor of 22 and 193853.
11
Calculate the greatest common factor of 324 and 3049020.
36
Calculate the greatest common divisor of 21904 and 14800.
592
Calculate the greatest common divisor of 104559 and 7.
7
Calculate the greatest common divisor of 19 and 109877.
19
Calculate the greatest common factor of 5581776 and 48.
48
What is the greatest common factor of 179291 and 196?
49
What is the greatest common divisor of 184943 and 11?
11
What is the greatest common divisor of 1701 and 285957?
189
What is the greatest common factor of 2442 and 7659?
111
What is the highest common factor of 83985 and 2145?
165
What is the greatest common divisor of 332465 and 115?
115
What is the greatest common divisor of 249 and 572202?
249
Calculate the highest common divisor of 170 and 6425.
5
Calculate the greatest common divisor of 345 and 3773955.
345
Calculate the highest common factor of 1021608 and 90.
18
Calculate the greatest common factor of 52 and 256828.
52
Calculate the highest common divisor of 117984 and 192.
96
What is the highest common divisor of 171 and 57228?
57
Calculate the greatest common factor of 35098 and 21.
7
Calculate the highest common divisor of 266825 and 13.
13
What is the highest common divisor of 98 and 14602?
98
Calculate the highest common divisor of 36860 and 873.
97
Calculate the greatest common factor of 3521 and 6104.
7
Calculate the highest common factor of 514292 and 505.
101
Calculate the greatest common divisor of 3092942 and 97.
97
What is the greatest common factor of 166878 and 73?
73
Calculate the greatest common factor of 6 and 29159.
1
What is the greatest common divisor of 15300 and 252?
36
Calculate the highest common factor of 3224745 and 270.
135
What is the greatest common divisor of 1205 and 20?
5
Calculate the greatest common factor of 109556 and 732.
244
What is the greatest common factor of 472 and 768?
8
Calculate the greatest common factor of 4066 and 17062.
38
What is the greatest common factor of 1062 and 5133?
177
Calculate the highest common divisor of 11230 and 10.
10
What is the highest common factor of 65 and 142727?
13
Calculate the greatest common divisor of 341 and 63581.
31
Calculate the highest common divisor of 108035 and 492.
41
What is the greatest common divisor of 248 and 154907?
31
What is the highest common factor of 348 and 2202?
6
Calculate the highest common factor of 7 and 65933.
7
Calculate the highest common divisor of 10714890 